*2 - 2*m - 4. Determine q(d).
4
Let c(u) = -11*u + 11. Let t(z) = 5*z - 6. Let m(b) = -3*c(b) - 7*t(b). Let i be (2/6)/((-5)/(-15)). Let n be 5/i*6/5. Determine m(n).
-3
Let m(j) = -j**2 + 5*j + 4. Let r be 0 - -1 - (7 + -8). Let f = r + 3. What is m(f)?
4
Let n(w) = w. Let r(l) = 7*l + 2. Let h(j) = 6*n(j) - r(j). Suppose 0 = s + s - 5*v + 29, 0 = -s + 5*v - 27. Determine h(s).
0
Let s(x) = 16*x + 6. Let g(o) = -15*o - 5. Let q(p) = 7*g(p) + 6*s(p). Calculate q(2).
-17
Let m(p) be the second derivative of p**4/12 + p**3 + 5*p**2/2 + 8*p. Suppose 2*n + c = 4*c + 2, -7 = 3*n - 2*c. Calculate m(n).
0
Let n(d) be the first derivative of d**5/120 - 5*d**4/24 + d**3/3 + 5. Let j(v) be the third derivative of n(v). Let i = 9 + -4. Determine j(i).
0
Let x(z) = z**2 + 2*z - 2. Let t = -4 - -19. Suppose s + 7 - t = 3*u, 3*s = -5*u - 18. Give x(u).
1
Let w(r) be the second derivative of 9*r**5/10 + r**4/12 - 13*r. Determine w(-1).
-17
Suppose 2*i + 2*g - 10 = 0, -2*g + 15 = -2*i + g. Let j be -8 - (-9)/(3 + i). Let l(o) = 3*o + 7. What is l(j)?
-8
Suppose -4*o - 32 = 4*a, 0*o + 18 = -2*o - 4*a. Let x(g) = g + 6. Calculate x(o).
-1
Let x(y) = -y**2 - 7*y - 6. Let p(z) = -z**3 - 2*z**2 + 6*z + 2. Let a be p(-3). Determine x(a).
-6
Suppose 2*d = 3*d - 2. Let j(s) be the third derivative of s**4/8 - s**3/6 + 2*s**2. Determine j(d).
5
Let x(a) = -a**3 + 5*a**2 + 5*a - 1. Suppose l = i + 3, -3*l - 2*l = -i - 27. What is x(l)?
-7
Let m(u) be the third derivative of -u**5/60 + u**4/4 - u**3 + 3*u**2 - 8. Determine m(4).
2
Let h(i) = -4*i**3 + i**2. Suppose -4*t + 5*m - 16 = 0, 3*m = -m + 16. What is h(t)?
-3
Let g(j) = -j**2 + 5*j**2 + 2*j**2 + 7*j + 7 - 5*j**2. Let i be g(-6). Let s(h) = 4*h**2 - h + 1. Calculate s(i).
4
Let b(r) = -14*r**3 - 33*r**2 + 0*r - 1 + r + 34*r**2. What is b(1)?
-13
Suppose t + 2*t = 5*w + 43, -2*t - 4*w = 8. Let p(d) = -d**2 + 6*d + 4. Give p(t).
4
Let z(r) be the first derivative of r**4/4 - r**2/2 + r + 1. Let c(i) = -2*i**3 + i**2 - 5. Suppose 3 - 9 = 2*h. Let w(l) = h*z(l) - c(l). What is w(-2)?
0
Let t(b) = -5*b - 2*b - 9*b + 10*b. Let w = -1 - -3. Calculate t(w).
-12
Suppose 7*s - 6 - 36 = 0. Let g(v) = v**2 - 8*v + 4. Give g(s).
-8
Let y(i) = -3*i - 5. Let f be 20/(-25)*10/4. Let s be 176/(-48) + f/6. Determine y(s).
7
Let s be 15/(-10) + (-6)/4. Let h = -1 - s. Let w(b) = -b + 2. Calculate w(h).
0
Let g(h) = -2*h - 1. Let q(z) = 3*z - 7. Let r(i) = -i + 4. Let d(a) = -4*q(a) - 9*r(a). Let j be d(-4). What is g(j)?
-9
Let t(q) = q**2 + 7*q + 8. Let o be t(-6). Let u = -8 + 11. Let m(j) = 0*j**2 + 4*j**2 - j**u - 2*j**2. Determine m(o).
0
Let a(p) = p**2 - 5*p + 5. Let d = 11 - 7. Suppose 0 = t + d*t - 115. Suppose -4*l - 7 = -t. Give a(l).
1
Let p(v) = -v - 2. Let h(j) = -j - 2. Let f(u) = -3*h(u) + 4*p(u). Suppose 5*d - 2 + 7 = 0. Let a = -3 - d. Calculate f(a).
0
Let d(p) be the first derivative of p**2/2 - 7*p + 16. Suppose -s - u - 7 = -3*s, 0 = -5*s - 4*u + 50. Suppose -5 = -4*c - 3*a, -1 = -a - s. What is d(c)?
-2
Let a(z) = -z**3 + 2*z**2 + 4*z - 1. Let r = -4 + 7. Let f(m) = 4*m**2 + 9*m + 0*m**3 - m**3 - 11*m. Let j be f(r). What is a(j)?
2
Let o(l) be the first derivative of l**3/3 + 5*l**2/2 + 8*l + 4. Give o(-6).
14
Let t(b) = -7*b**2 + 5*b - 1. Let h(p) = 5*p**2 - 4*p + 1. Let m(g) = -4*h(g) - 3*t(g). Calculate m(1).
1
Let j(a) = 7*a - 21. Let u(k) = -k + 1. Let s(g) = -j(g) - 6*u(g). Determine s(0).
15
Let n(d) = 10*d**2 + 2*d + 0*d + 1 - 3*d**2. Let l = -6 + 7. Let s be 2/(l/((-3)/6)). Give n(s).
6
Suppose 4*o - 12 = -0*q - 5*q, -4 = 2*o. Let s be 2/(-3) + q/6. Let l(j) = j**3 + j**2 - 7. Give l(s).
-7
Let o(l) = -l**2 - 7*l - 2. Let a be o(-3). Suppose 2*n + 0*n = t, 3*n = 4*t - a. Let z(f) = 3*f - n + 2*f - 4*f. Give z(-4).
-6
Let x(d) = -2*d**2 + 2*d + 3. Suppose 0 = -z - 2 + 19. Suppose -3 = 3*p + 3*a + 3, -4*p + a = -z. Determine x(p).
-9
Let k = 85 - 79. Let a(c) = c**2 - 5*c - 4. What is a(k)?
2
Suppose -4*c - 5*h = 21, -4*c = 3*h - 10 + 29. Let b be 10/2*6/10. Let z(i) = -4 - i**3 + 9*i**2 + 5*i + 2*i**3 - b*i**2. What is z(c)?
8
Let z(j) = 2*j - 2. Let i(a) = -a**2 + 4*a + 3. Let x be i(4). Determine z(x).
4
Let p(s) be the third derivative of 0 + 1/24*s**4 - 1/3*s**3 - 2*s**2 + 0*s. What is p(5)?
3
Let m(s) = -9*s - 3. Let g(a) = a. Let h(i) = -4*g(i) - m(i). Suppose -l = l - 4. Let n be (-7)/3 + l/6. Give h(n).
-7
Let u(i) = i**2 + 5*i - 1. Let j be u(-6). Suppose 9 = -2*r + j*r. Let g(x) = 1 + 3*x + x - r*x**2 - 3*x + 4*x**2. What is g(-3)?
7
Let f(i) = -i**2 - 4 - 2*i - i + 0*i. Give f(-4).
-8
Let f(o) = -3*o - 5. Let d(x) = 7*x + 10. Let y(a) = 2*d(a) + 5*f(a). What is y(-7)?
2
Let r(t) = -3*t - 10. Let b(k) = k + 3. Let m(w) = 7*b(w) + 2*r(w). Give m(-3).
-2
Let d(y) = y**2 - 5*y - 7. Let h(x) = -x - 1. Let v(l) = -d(l) + 6*h(l). Give v(0).
1
Let y(k) = 4*k + 51. Let n be y(-12). Let j(z) = -2*z**2 + 2*z - 1. What is j(n)?
-13
Let f(y) = -10*y**2 - y - 1. Suppose 6 = -2*l + 3*s, -2*l + s = -0*l + 2. Let n(u) = -u - 1. Let h be n(l). Determine f(h).
-10
Let b(u) = u**3 + 5*u**2 - 5*u + 1. Let s be (-6 - -7)/(2/(-12)). What is b(s)?
-5
Let g(d) be the third derivative of d**5/60 - d**4/24 - d**3/3 - 2*d**2. Let h(i) be the first derivative of g(i). Let p = 1 + -2. Determine h(p).
-3
Suppose 0*g - 5*g - 10 = 0. Suppose 3*c = c + 6. Let f(d) = -2*d**3 - c*d**2 + 2 - 2*d + 0*d**3 + 4*d**3 - 3*d**3. Give f(g).
2
Let d(u) = -u + 1. Let r be ((-8)/(-20))/((-2)/(-30)). Suppose -t = -3*a - 4, -3*a - t - r + 4 = 0. What is d(a)?
2
Let q(u) be the second derivative of -u**4/12 + 5*u**3/6 - 3*u**2 + 11*u. Calculate q(5).
-6
Let d(j) = -j**3 - j**2 - 10*j + 2. Let y(l) = -l**3 - 11*l + 2. Let v(i) = 6*d(i) - 5*y(i). Let u be (-10)/(5/((-35)/(-14))). Determine v(u).
2
Let k(h) = h**3 + h + 1. Let z(y) = -8*y - 9. Let l be z(-1). Calculate k(l).
-1
Let k be ((-8)/10)/((-3)/(-15)). Let c(g) = g**2 - 1. Let b(j) = -j**2 + 6*j + 3. Let v(d) = -b(d) - 2*c(d). Give v(k).
7
Let y(f) = -5*f + 2 + f + 3*f + 0 + f**2. What is y(0)?
2
Let y(b) be the first derivative of 0*b + 5/24*b**4 + 1/30*b**5 - 2 + 2/3*b**3 + 3/2*b**2. Let s(g) be the second derivative of y(g). Calculate s(-3).
7
Let q(l) be the first derivative of l**3 + l**2/2 - 2*l - 1. Determine q(-2).
8
Let l(j) = j**2 + 1. Let d(w) = 7*w**2 + w. Let c be d(-1). Let i be (-16)/(-12) + 4/c. Calculate l(i).
5
Let n(x) = x**3 + 3*x**2 + 2*x. Let t = -5 + 5. Let j(w) = w**2 + w - 2. Let z be j(t). Give n(z).
0
Let j = 23 + -29. Let a(d) = d - 1. What is a(j)?
-7
Let p be (-2)/(((-24)/(-21))/(-4)). Let u(c) = -p + c**2 - c + 6*c + 0*c. Calculate u(-5).
-7
Suppose 9 = -2*q + 5*q. Let x be 6*(-6)/16*4. Let c(g) = 3*g + 1. Let u(o) = -13*o - 4. Let l(y) = x*c(y) - 2*u(y). What is l(q)?
-4
Let s(t) be the third derivative of -t**8/20160 - t**6/720 + t**5/60 - 2*t**2. Let o(c) be the third derivative of s(c). What is o(-2)?
-5
Suppose 3*o + 2*o = 0. Let i(u) = -u**3 - u**2 + u + 6. Give i(o).
6
Let x = 5 - -4. Let p(s) = 5*s**3 - s**2 + 3*s - 9. Let o(y) = -y**3 - y + 2. Let t(b) = x*o(b) + 2*p(b). What is t(3)?
0
Let m(j) = j**2 - 5*j + 6. Let q be m(5). Let w(y) be the third derivative of -y**4/8 + y**3 - 10*y**2. Calculate w(q).
-12
Let r(z) be the second derivative of 0 + 1/12*z**4 - 7/2*z**2 - 5/6*z**3 - 3*z. Let l be r(6). Let y(h) = -2*h**3 + 1. What is y(l)?
3
Let d be ((-4)/(-8))/((-2)/(-8)). Suppose 8 = k + 2*j, 2*k + 0*k = -d*j + 6. Let y(z) = -3*z**3 + 2*z**3 + 2 + 2*z**2 - 19*z + 23*z. Calculate y(k).
10
Let y = -2 - -6. Let j(n) = 2*n**2 + y*n**2 + 6*n - 7*n**2 - 1 - 6. Suppose -5*r - a = -27, -3*r + 2*a = a - 13. What is j(r)?
-2
Let o(x) = 10 - 48*x**2 + 4*x + x + 45*x**2. Let q(a) = 7*a**2 - 11*a - 21. Let j(i) = -9*o(i) - 4*q(i). Suppose 0 = -t - t. Determine j(t).
-6
Let a be (1 - -1 - 2 - 3) + -2. Let k(d) = d - 3. Calculate k(a).
-8
Let g(w) = w**2 - 3*w - 1. Let c(i) = 2*i - 8. Let n be c(6). What is g(n)?
3
Let w = 12 + -6. Suppose 6 = -a - 4*b, 5*a - b + w*b + 15 = 0. Let x(u) = -3*u - 1. What is x(a)?
5
Let r(c) be the second derivative of -c**4/12 + 5*c**3/6 + c**2 + 3*c + 13. Suppose 5*q + 13 = 2*m, -4*m + 16 = 5*q + 5. Give r(m).
6
Let z(q) = q - 1. Let i(u) be the third derivative of -u**4/6 - u**3/2 + 10*u**2. Suppose -y - m + 2 = 4*y, -